3.
18
What is the remainder when 1932 is divided by 481?
8
What is the remainder when 5236 is divided by 9?
7
What is the remainder when 23 is divided by 5?
3
What is the remainder when 448 is divided by 116?
100
Calculate the remainder when 788 is divided by 15.
8
What is the remainder when 4418 is divided by 85?
83
Calculate the remainder when 332 is divided by 68.
60
What is the remainder when 1897 is divided by 946?
5
Calculate the remainder when 574 is divided by 43.
15
What is the remainder when 372 is divided by 186?
0
What is the remainder when 12 is divided by 2?
0
What is the remainder when 1004 is divided by 260?
224
What is the remainder when 209 is divided by 30?
29
What is the remainder when 12232 is divided by 2446?
2
Calculate the remainder when 2035 is divided by 21.
19
What is the remainder when 3131 is divided by 58?
57
What is the remainder when 429 is divided by 30?
9
Calculate the remainder when 112 is divided by 19.
17
What is the remainder when 72 is divided by 37?
35
What is the remainder when 10502 is divided by 37?
31
Calculate the remainder when 816 is divided by 806.
10
Calculate the remainder when 28881 is divided by 314.
307
What is the remainder when 2901 is divided by 44?
41
What is the remainder when 773 is divided by 100?
73
What is the remainder when 1105 is divided by 205?
80
Calculate the remainder when 37 is divided by 5.
2
Calculate the remainder when 782 is divided by 130.
2
What is the remainder when 1151 is divided by 333?
152
Calculate the remainder when 18 is divided by 18.
0
Calculate the remainder when 1438 is divided by 208.
190
Calculate the remainder when 136 is divided by 43.
7
What is the remainder when 229 is divided by 99?
31
What is the remainder when 6321 is divided by 51?
48
What is the remainder when 408 is divided by 10?
8
Calculate the remainder when 4 is divided by 1.
0
Calculate the remainder when 593 is divided by 27.
26
Calculate the remainder when 129 is divided by 68.
61
What is the remainder when 2087 is divided by 123?
119
What is the remainder when 43 is divided by 20?
3
Calculate the remainder when 777 is divided by 249.
30
What is the remainder when 1337 is divided by 431?
44
Calculate the remainder when 44 is divided by 30.
14
Calculate the remainder when 660 is divided by 330.
0
What is the remainder when 451 is divided by 50?
1
Calculate the remainder when 167 is divided by 13.
11
Calculate the remainder when 1287 is divided by 427.
6
What is the remainder when 287 is divided by 49?
42
Calculate the remainder when 7101 is divided by 69.
63
Calculate the remainder when 815 is divided by 19.
17
What is the remainder when 1619 is divided by 45?
44
What is the remainder when 569 is divided by 184?
17
What is the remainder when 1391 is divided by 26?
13
What is the remainder when 6538 is divided by 5?
3
What is the remainder when 195 is divided by 79?
37
Calculate the remainder when 39 is divided by 31.
8
Calculate the remainder when 436 is divided by 83.
21
What is the remainder when 121 is divided by 64?
57
Calculate the remainder when 406 is divided by 34.
32
Calculate the remainder when 789 is divided by 49.
5
Calculate the remainder when 364 is divided by 99.
67
Calculate the remainder when 3156 is divided by 27.
24
What is the remainder when 198 is divided by 6?
0
What is the remainder when 359 is divided by 106?
41
Calculate the remainder when 311 is divided by 81.
68
What is the remainder when 2022 is divided by 135?
132
What is the remainder when 509 is divided by 254?
1
What is the remainder when 14648 is divided by 50?
48
Calculate the remainder when 260 is divided by 53.
48
Calculate the remainder when 1483 is divided by 30.
13
Calculate the remainder when 1701 is divided by 31.
27
What is the remainder when 770 is divided by 112?
98
What is the remainder when 1099 is divided by 359?
22
What is the remainder when 3618 is divided by 103?
13
Calculate the remainder when 267 is divided by 34.
29
Calculate the remainder when 617 is divided by 62.
59
What is the remainder when 267 is divided by 67?
66
Calculate the remainder when 10457 is divided by 42.
41
Calculate the remainder when 2045 is divided by 680.
5
What is the remainder when 95 is divided by 32?
31
Calculate the remainder when 2363 is divided by 390.
23
What is the remainder when 1337 is divided by 51?
11
Calculate the remainder when 2658 is divided by 89.
77
Calculate the remainder when 3693 is divided by 168.
165
Calculate the remainder when 357 is divided by 20.
17
What is the remainder when 87 is divided by 15?
12
What is the remainder when 322 is divided by 110?
102
What is the remainder when 37 is divided by 2?
1
What is the remainder when 41 is divided by 6?
5
What is the remainder when 423 is divided by 38?
5
What is the remainder when 762 is divided by 210?
132
Calculate the remainder when 390 is divided by 139.
112
What is the remainder when 1508 is divided by 18?
14
Calculate the remainder when 165 is divided by 104.
61
What is the remainder when 302 is divided by 300?
2
Calculate the remainder when 1298 is divided by 11.
0
What is the remainder when 254 is divided by 12?
2
Calculate the remainder when 69 is divided by 58.
11
What is the remainder when 275 is divided by 132?
11
What is the remainder when 128 is divided by 57?
14
What is the remainder when 446 is divided by 54?
14
What is the remainder when 55 is divided by 7?
6
What is the remainder when 123 is divided by 14?
11
What is the remainder when 522 is divided by 35?
32
Calculate the remainder when 506 is divided by 160.
26
What is the remainder when 1214 is divided by 21?
17
Calculate the remainder when 2683 is divided by 42.
37
Calculate the remainder when 30 is divided by 4.
2
Calculate the remainder when 7783 is divided by 205.
198
What is the remainder when 54 is divided by 32?
22
Calculate the remainder when 946 is divided by 12.
10
Calculate the remainder when 97 is divided by 28.
13
Calculate the remainder when 1231 is divided by 88.
87
What is the remainder when 230 is divided by 9?
5
Calculate the remainder when 90 is divided by 23.
21
Calculate the remainder when 1644 is divided by 71.
11
Calculate the remainder when 561 is divided by 112.
1
What is the remainder when 3648 is divided by 50?
48
What is the remainder when 95 is divided by 9?
5
What is the remainder when 465 is divided by 18?
15
Calculate the remainder when 110 is divided by 9.
2
Calculate the remainder when 800 is divided by 62.
56
Calculate the remainder when 80 is divided by 45.
35
Calculate the remainder when 2540 is divided by 211.
8
Calculate the remainder when 406 is divided by 37.
36
What is the remainder when 1044 is divided by 97?
74
What is the remainder when 388 is divided by 32?
4
Calculate the remainder when 171 is divided by 18.
9
Calculate the remainder when 909 is divided by 149.
15
What is the remainder when 440 is divided by 31?
6
Calculate the remainder when 1301 is divided by 42.
41
Calculate the remainder when 17 is divided by 5.
2
Calculate the remainder when 786 is divided by 110.
16
Calculate the remainder when 453 is divided by 7.
5
What is the remainder when 60 is divided by 24?
12
Calculate the remainder when 237 is divided by 78.
3
What is the remainder when 295 is divided by 24?
7
What is the remainder when 116 is divided by 25?
16
What is the remainder when 2629 is divided by 868?
25
What is the remainder when 15495 is divided by 104?
103
Calculate the remainder when 175 is divided by 27.
13
What is the remainder when 360 is divided by 342?
18
What is the remainder when 26 is divided by 10?
6
Calculate the remainder when 2657 is divided by 54.
11
What is the remainder when 4251 is divided by 27?
12
Calculate the remainder when 1212 is divided by 69.
39
Calculate the remainder when 6 is divided by 2.
0
What is the remainder when 14 is divided by 4?
2
What is the remainder when 525 is divided by 24?
21
Calculate the remainder when 423 is divided by 150.
123
Calculate the remainder when 210 is divided by 43.
38
What is the remainder when 625 is divided by 35?
30
Calculate the remainder when 242 is divided by 6.
2
What is the remainder when 233 is divided by 37?
11
What is the remainder when 6656 is divided by 34?
26
What is the r